e the remainder when 6 is divided by z.
2
Let r(h) = 2*h**2 + 7*h + 12. Suppose 0 = -k - l + 20, -k - 5*l - 1 = -37. What is the remainder when r(-7) is divided by k?
13
Let d(o) = -7*o - 3. Let k(s) = -7*s - 2. Let m(w) = 2*d(w) - 3*k(w). Suppose 6*b = 2*b - 8, -2*p = 4*b - 12. What is the remainder when m(4) is divided by p?
8
Suppose -6*p + 114 = -42. Calculate the remainder when 77 is divided by p.
25
Let a(b) = -b**3 + 8*b**2 + 4*b - 8. Calculate the remainder when 71 is divided by a(8).
23
Suppose -i - 24 = -5*i. What is the remainder when i + 2 + (-2)/(-2) is divided by 3?
0
Let u(i) = i**3 - 2*i**2 - i + 1. Let l be u(2). Let x be (40/2)/(l*1). Let n = 28 + x. What is the remainder when 22 is divided by n?
6
Let p(o) = -3*o + 2. Calculate the remainder when p(-11) is divided by 13.
9
Suppose 2 = -q + 2*a, 0 = 3*q + 3*a - 0*a - 12. What is the remainder when 3 is divided by q?
1
Suppose -9 = -3*v - 0*z - 4*z, -v - 4*z + 3 = 0. Suppose m - v*r - 8 = 0, 89 - 13 = 5*m + 3*r. What is the remainder when 53 is divided by m?
11
Calculate the remainder when -19*2/6*(-13 - 2) is divided by 24.
23
Let m = -17 - -13. Let g = m - -16. What is the remainder when 34 is divided by g?
10
Suppose 0 = 5*v - 272 - 33. What is the remainder when v is divided by 16?
13
Suppose 5*o = -5*p + 200, 0 = -3*o + 5*p + 58 + 102. Suppose 34 = 5*q - 26. Calculate the remainder when o is divided by q.
9
Suppose -5*q - 4*t + 35 = -454, 4*t = 4. Let y = 148 - q. Calculate the remainder when y is divided by 18.
15
Calculate the remainder when 6 is divided by (-4)/(-18) + 68/18.
2
Calculate the remainder when 63 is divided by 7/(196/(-8)) + (-79)/(-7).
8
Suppose 5*s - 97 = -2*o, -4*o - 9 = -4*s + 63. What is the remainder when s is divided by 10?
9
Suppose -p - 3*p + 64 = 0. Let q = p - -28. Calculate the remainder when q is divided by 23.
21
Suppose 4 = 4*o - 0, -q = -2*o - 126. Calculate the remainder when q is divided by 43.
42
Suppose i + 3*c - c - 21 = 0, -c = 3. Calculate the remainder when i is divided by 7.
6
Let m = -1 + 3. Suppose y - 1 = -2, -2*y + 20 = m*g. Calculate the remainder when g is divided by 7 - 2/2*3.
3
Let p = -14 + 23. What is the remainder when p is divided by (-4)/14 + (-60)/(-14)?
1
Let d be -10 - -8 - (-4 + 1). Let u(b) = 10*b. What is the remainder when u(d) is divided by 4?
2
Suppose 6*r + 52 = 148. What is the remainder when 30 is divided by r?
14
Let f(a) = -a**3 - 8*a**2 - 8*a - 12. Let h be f(-8). Let j = h + -35. Calculate the remainder when j is divided by 5.
2
Let g = 99 - 49. Calculate the remainder when g is divided by 26.
24
Suppose 3*q - 85 = -7. What is the remainder when q is divided by 8?
2
Let u be 3*(-2)/(-3 + 1). Suppose -49 + 4 = -u*v. What is the remainder when 43 is divided by v?
13
Let x(r) = 7*r + 68. Calculate the remainder when x(-8) is divided by 10.
2
Let d = -44 + 64. Suppose d = l - 23. Calculate the remainder when l is divided by 15.
13
Let r(s) = -s**2 - s + 5. What is the remainder when r(0) is divided by 3?
2
Suppose 0 = 5*s - 4*b - 17, 5*s + 5*b = s - 11. Let n = -2 + 4. What is the remainder when s/((n/(-124))/(-1)) is divided by 16?
14
Let q = 1 - -2. Let z = q - 2. Suppose -y - z = -13. Calculate the remainder when y is divided by 7.
5
Let g = 20 + -2. Let v(c) = -c**2 - 7*c - 1. Let q be v(-6). Suppose 3*x - q = -2*a, -3*x + 20 = -0*x - a. Calculate the remainder when g is divided by x.
3
Let f be (18/24)/((-2)/(-8)). Let v = 1 + f. Suppose 5*b - v*h - 29 = -0*h, 5*b - 2*h = 37. What is the remainder when 25 is divided by b?
7
Let m = 38 + -21. Suppose -4*t + 107 - 21 = -5*f, -4*f = 3*t - 80. Suppose 4*w - t = -0*w. Calculate the remainder when m is divided by w.
5
Let w be -8*3/(-18)*-3. Calculate the remainder when (-20)/(2/(w/1)) is divided by 14.
12
Suppose 5*y - 14 = -w, 0 = -3*w + 4*w - y - 2. Suppose -w*h = -2*h - 26. What is the remainder when 24 is divided by h?
11
Suppose -3*p = 0, 0*o + 3*p - 13 = -o. What is the remainder when o is divided by 8/15*-3*-5?
5
Suppose 0 = 5*i - 9*i - 16. Calculate the remainder when 362/5 - i/(-10) is divided by 25.
22
Let p(i) = 2*i**2 + 6*i - 1. Suppose -3*c - 6 = 0, n - 3 = -0*n - 5*c. Suppose -5*b = -22 - n. What is the remainder when p(-5) is divided by b?
5
Let p = -15 - -128. Calculate the remainder when p is divided by 29.
26
Suppose 0 = -3*t - 4*s + 14, -3*t + 5*s - 6 = -t. Suppose t = j - 2. What is the remainder when 14 is divided by j?
2
Let x be -5 + 3 - -2*1. Suppose 2*o + x = 22. Suppose 5*z = 2*y - 37, 0*y - 3*y - 2*z = -103. What is the remainder when y is divided by o?
9
Suppose 0*v + v + 4*w + 66 = 0, -2*v - w = 118. Let o be 3/4 - v/8. Suppose -3*g = -o*g + 75. What is the remainder when g is divided by 4?
3
Let x = 22 + -13. Let v(q) = q**3 - 10*q**2 + 10*q - 6. Let g = 8 + 0. Calculate the remainder when g is divided by v(x).
2
Suppose -i + 3*g = g + 6, -6 = -i - 2*g. Suppose -k + 3 + 9 = i. Calculate the remainder when 45 is divided by k.
9
Suppose 9*w - 4*w + 4*j - 22 = 0, 3*w + 3*j - 15 = 0. Let g(f) = 2*f**2 + 3*f**3 - 2*f**2 + w*f**2 - f. What is the remainder when 6 is divided by g(1)?
2
Let p(w) = w - 1. Let z(r) = 4*r - 1. Let s(d) = 3*p(d) - z(d). What is the remainder when 13 is divided by s(-5)?
1
Let g(o) = -o**2 - 8*o + 2. Let f = -3 - -13. Calculate the remainder when ((-104)/f)/((-28)/70) is divided by g(-6).
12
Let h = 6 - 4. Suppose 4*s = -h + 10. Suppose r = -4*r + 10. Calculate the remainder when r is divided by s.
0
Suppose 0 = -2*f + 7*f - 60. Calculate the remainder when 1/3*(-1 + 70) is divided by f.
11
Let n(x) = 6*x - 1. Let l(c) = -c**2 + 9*c - 5. Calculate the remainder when l(7) is divided by n(1).
4
Let r(s) = s + 28. Let h be r(19). Let b = -29 + h. Calculate the remainder when b is divided by 11.
7
Let z = -60 + 90. Let c = z + -51. Let m = c - -71. What is the remainder when m is divided by 17?
16
Let y(k) = k**3 + 6*k**2 - 3*k - 3. Let j(p) = 3*p + 3*p + 6*p**2 - 3*p + 3 - p**3. Calculate the remainder when j(5) is divided by y(-6).
13
Let b(h) be the third derivative of h**5/30 + h**4/3 + 2*h**3/3 - 2*h**2. Let v = 4 + -9. Calculate the remainder when 40 is divided by b(v).
12
Let h(b) = -b + 3. Let x be 3/(-9)*-3*0. Let z be h(x). Suppose -i + m = -8, m = -7 + z. Calculate the remainder when 13 is divided by i.
1
Let j(p) = -5*p - 1. Let m = 21 + -12. What is the remainder when j(-5) is divided by m?
6
Suppose 2*i + 12 = 52. Let u(z) = z**3 - 5*z**2 - 10*z. Let a be u(7). Suppose 2*y + 2*y = a. What is the remainder when i is divided by y?
6
Suppose -4*a = -3*n + 38, n - 4*a - 25 = 1. What is the remainder when 10 is divided by n?
4
Let g be (-9)/2*(-4)/3. Calculate the remainder when 3/(-3)*57/(-3) is divided by (g/(-4))/((-3)/14).
5
Suppose 5*f + 290 = 5*b, -4*b + 2*f - f + 235 = 0. Suppose -3*z - 86 = -4*m, -3*z + 7*z - 12 = -m. What is the remainder when b is divided by m?
19
Let a = 3 + -2. Let k be a*4*(-3)/(-6). Suppose 0 = -o - k*o + 57. What is the remainder when o is divided by 10?
9
Calculate the remainder when (4 + (4 - 31))/(-1) is divided by 8.
7
Let l(d) = d**3 - 9*d**2 - 10*d + 12. What is the remainder when 19 is divided by l(10)?
7
Let i(a) = 3*a**2 - 2*a + 2. What is the remainder when 18 is divided by i(2)?
8
Let m(g) = -g**2 + 8*g - 3. What is the remainder when ((-63)/14)/((-6)/8) is divided by m(7)?
2
Let g = 8 - 5. Let v(w) = w**3 - 3*w**2 - 3*w + 3. Let z be v(g). Calculate the remainder when 19 is divided by ((-3)/z)/((-2)/(-44)).
8
Let l(u) = 5*u + 2 - 1 + 2. Let b be l(-2). Let o = 10 + b. What is the remainder when 5 is divided by o?
2
What is the remainder when (-64 - -5)*1*-1 is divided by 31?
28
Suppose 4*q + 5*w + 153 = 420, -341 = -5*q + w. What is the remainder when q is divided by (44 - (0 - 2))/2?
22
Let f(r) = -40*r - 1. Suppose g - 10 = -2*t, -3*t + 6*t - 22 = -2*g. Calculate the remainder when f(-1) is divided by g.
11
What is the remainder when 64 + -2*(-6)/(-3) is divided by 17?
9
Suppose z - 87 = -5. Suppose a = -3*a. Suppose v - 4*s - 12 = -0*v, 4*v + s - z = a. What is the remainder when v is divided by 7?
6
Calculate the remainder when 42 is divided by 679/63 - (-2)/9.
9
Let g = 126 + -73. What is the remainder when g is divided by 8?
5
Let k be (-4)/10 - (-